{"id":2840,"date":"2025-09-30T08:58:35","date_gmt":"2025-09-30T08:58:35","guid":{"rendered":"https:\/\/cns.uw.edu.pl\/?page_id=2840"},"modified":"2025-09-30T09:05:05","modified_gmt":"2025-09-30T09:05:05","slug":"kolo-naukowe-kryminalistyki","status":"publish","type":"page","link":"https:\/\/cns.uw.edu.pl\/index.php\/home\/kolo-naukowe-kryminalistyki\/","title":{"rendered":"Ko\u0142o Naukowe Kryminalistyki"},"content":{"rendered":"\t\t<div data-elementor-type=\"wp-page\" data-elementor-id=\"2840\" class=\"elementor elementor-2840\" data-elementor-post-type=\"page\">\n\t\t\t\t<div class=\"elementor-element elementor-element-dd60578 e-flex e-con-boxed e-con e-parent\" data-id=\"dd60578\" data-element_type=\"container\">\n\t\t\t\t\t<div class=\"e-con-inner\">\n\t\t\t\t<div class=\"elementor-element elementor-element-271fa22 elementor-widget elementor-widget-spacer\" data-id=\"271fa22\" data-element_type=\"widget\" data-widget_type=\"spacer.default\">\n\t\t\t\t<div class=\"elementor-widget-container\">\n\t\t\t\t\t\t\t<div class=\"elementor-spacer\">\n\t\t\t<div class=\"elementor-spacer-inner\"><\/div>\n\t\t<\/div>\n\t\t\t\t\t\t<\/div>\n\t\t\t\t<\/div>\n\t\t\t\t<div class=\"elementor-element elementor-element-66d8a2a elementor-widget elementor-widget-text-editor\" data-id=\"66d8a2a\" data-element_type=\"widget\" data-widget_type=\"text-editor.default\">\n\t\t\t\t<div class=\"elementor-widget-container\">\n\t\t\t\t\t\t\t\t\t<h2>Ko\u0142o Naukowe Kryminalistyki przy CNS UW<\/h2>\t\t\t\t\t\t\t\t<\/div>\n\t\t\t\t<\/div>\n\t\t\t\t\t<\/div>\n\t\t\t\t<\/div>\n\t\t<div class=\"elementor-element elementor-element-e6bbb4d e-flex e-con-boxed e-con e-parent\" data-id=\"e6bbb4d\" data-element_type=\"container\">\n\t\t\t\t\t<div class=\"e-con-inner\">\n\t\t\t\t<div class=\"elementor-element elementor-element-a271df1 elementor-widget elementor-widget-text-editor\" data-id=\"a271df1\" data-element_type=\"widget\" data-widget_type=\"text-editor.default\">\n\t\t\t\t<div class=\"elementor-widget-container\">\n\t\t\t\t\t\t\t\t\t<p><span style=\"color: #333333;\">Ko\u0142o najpierw funkcjonowa\u0142o przy Wydziale Chemii, a od 2018 r. dzia\u0142a przy Centrum Nauk S\u0105dowych. Ko\u0142o Naukowe Kryminalistyki to niezale\u017cna organizacja studencka zrzeszaj\u0105ca pasjonat\u00f3w, kt\u00f3rzy chc\u0105 poszerza\u0107 wiedz\u0119 w r\u00f3\u017cnych dziedzinach nauki wchodz\u0105cych w sk\u0142ad kryminalistyki. G\u0142\u00f3wnym zadaniem Ko\u0142a jest tworzenie przestrzeni dla student\u00f3w, kt\u00f3rzy chc\u0105 rozwija\u0107 swoje zainteresowania, zdobywa\u0107 praktyczne do\u015bwiadczenie i realizowa\u0107 w\u0142asne pomys\u0142y badawcze. Cz\u0142onkostwo w Kole daje mo\u017cliwo\u015b\u0107 spotka\u0144 z wybitnymi ekspertami, naukowcami i badaczami. Naszym celem jest \u0142\u0105czenie wiedzy teoretycznej z praktyk\u0105 oraz tworzenie \u015brodowiska, w kt\u00f3rym ka\u017cdy mo\u017ce spr\u00f3bowa\u0107 swoich si\u0142 w pracy zespo\u0142owej i projektowej.<\/span><\/p><h3>Cz\u0142onkowie Zarz\u0105du Ko\u0142a Naukowego Kryminalistyki w kadencji 2024\/25:<\/h3><ul><li><span style=\"color: #333333;\">Prezes: Patrycja Znajomska<\/span><\/li><li><span style=\"color: #333333;\">Wiceprezes: Andrzej Ro\u017ckow<\/span><\/li><li><span style=\"color: #333333;\">Skarbnik: Patrycja Nowak<\/span><\/li><li><span style=\"color: #333333;\">Sekretarz: Sandra Kruszewska<\/span><\/li><\/ul><h3>Kontakt:<\/h3><ul><li><a href=\"mailto:knk_cns@uw.edu.pl\"><span style=\"color: #333333;\">e-mail:<\/span> knk_cns@uw.edu.pl<\/a><\/li><li><span style=\"color: #333333;\">Jeste\u015bmy te\u017c na<\/span> <strong><span style=\"color: #3366ff;\"><a style=\"color: #3366ff;\" href=\"https:\/\/www.facebook.com\/KoloNaukoweKryminalistykiUW\">Facebooku<\/a><\/span><\/strong> i <strong><span style=\"color: #3366ff;\"><a style=\"color: #3366ff;\" href=\"https:\/\/www.instagram.com\/knk_cns\">Instagramie<\/a><\/span><\/strong>!\u00a0<\/li><\/ul>\t\t\t\t\t\t\t\t<\/div>\n\t\t\t\t<\/div>\n\t\t\t\t\t<\/div>\n\t\t\t\t<\/div>\n\t\t<div class=\"elementor-element elementor-element-5a7b5cc e-flex e-con-boxed e-con e-parent\" data-id=\"5a7b5cc\" data-element_type=\"container\">\n\t\t\t\t\t<div class=\"e-con-inner\">\n\t\t\t\t<div class=\"elementor-element elementor-element-e9327a7 elementor-widget elementor-widget-image\" data-id=\"e9327a7\" data-element_type=\"widget\" data-widget_type=\"image.default\">\n\t\t\t\t<div class=\"elementor-widget-container\">\n\t\t\t\t\t\t\t\t\t\t\t\t\t\t\t<img fetchpriority=\"high\" decoding=\"async\" width=\"300\" height=\"300\" src=\"https:\/\/cns.uw.edu.pl\/wp-content\/uploads\/2025\/09\/logo-knk-300x300.png\" class=\"attachment-medium size-medium wp-image-2843\" alt=\"\" srcset=\"https:\/\/cns.uw.edu.pl\/wp-content\/uploads\/2025\/09\/logo-knk-300x300.png 300w, https:\/\/cns.uw.edu.pl\/wp-content\/uploads\/2025\/09\/logo-knk-150x150.png 150w, https:\/\/cns.uw.edu.pl\/wp-content\/uploads\/2025\/09\/logo-knk.png 521w\" sizes=\"(max-width: 300px) 100vw, 300px\" \/>\t\t\t\t\t\t\t\t\t\t\t\t\t\t\t<\/div>\n\t\t\t\t<\/div>\n\t\t\t\t\t<\/div>\n\t\t\t\t<\/div>\n\t\t<div class=\"elementor-element elementor-element-4df545a e-flex e-con-boxed e-con e-parent\" data-id=\"4df545a\" data-element_type=\"container\">\n\t\t\t\t\t<div class=\"e-con-inner\">\n\t\t\t\t<div class=\"elementor-element elementor-element-0fc01d7 elementor-widget elementor-widget-spacer\" data-id=\"0fc01d7\" data-element_type=\"widget\" data-widget_type=\"spacer.default\">\n\t\t\t\t<div class=\"elementor-widget-container\">\n\t\t\t\t\t\t\t<div class=\"elementor-spacer\">\n\t\t\t<div class=\"elementor-spacer-inner\"><\/div>\n\t\t<\/div>\n\t\t\t\t\t\t<\/div>\n\t\t\t\t<\/div>\n\t\t\t\t\t<\/div>\n\t\t\t\t<\/div>\n\t\t\t\t<\/div>\n\t\t","protected":false},"excerpt":{"rendered":"<p>Ko\u0142o Naukowe Kryminalistyki przy CNS UW Ko\u0142o najpierw funkcjonowa\u0142o przy Wydziale Chemii, a od 2018 r. dzia\u0142a przy Centrum Nauk [&hellip;]<\/p>\n","protected":false},"author":1,"featured_media":0,"parent":10,"menu_order":0,"comment_status":"closed","ping_status":"closed","template":"","meta":{"site-sidebar-layout":"no-sidebar","site-content-layout":"","ast-site-content-layout":"full-width-container","site-content-style":"default","site-sidebar-style":"default","ast-global-header-display":"","ast-banner-title-visibility":"","ast-main-header-display":"","ast-hfb-above-header-display":"","ast-hfb-below-header-display":"","ast-hfb-mobile-header-display":"","site-post-title":"disabled","ast-breadcrumbs-content":"","ast-featured-img":"disabled","footer-sml-layout":"","theme-transparent-header-meta":"default","adv-header-id-meta":"","stick-header-meta":"","header-above-stick-meta":"","header-main-stick-meta":"","header-below-stick-meta":"","astra-migrate-meta-layouts":"set","ast-page-background-enabled":"default","ast-page-background-meta":{"desktop":{"background-color":"var(--ast-global-color-4)","background-image":"","background-repeat":"repeat","background-position":"center center","background-size":"auto","background-attachment":"scroll","background-type":"","background-media":"","overlay-type":"","overlay-color":"","overlay-opacity":"","overlay-gradient":""},"tablet":{"background-color":"","background-image":"","background-repeat":"repeat","background-position":"center center","background-size":"auto","background-attachment":"scroll","background-type":"","background-media":"","overlay-type":"","overlay-color":"","overlay-opacity":"","overlay-gradient":""},"mobile":{"background-color":"","background-image":"","background-repeat":"repeat","background-position":"center center","background-size":"auto","background-attachment":"scroll","background-type":"","background-media":"","overlay-type":"","overlay-color":"","overlay-opacity":"","overlay-gradient":""}},"ast-content-background-meta":{"desktop":{"background-color":"var(--ast-global-color-5)","background-image":"","background-repeat":"repeat","background-position":"center center","background-size":"auto","background-attachment":"scroll","background-type":"","background-media":"","overlay-type":"","overlay-color":"","overlay-opacity":"","overlay-gradient":""},"tablet":{"background-color":"var(--ast-global-color-5)","background-image":"","background-repeat":"repeat","background-position":"center center","background-size":"auto","background-attachment":"scroll","background-type":"","background-media":"","overlay-type":"","overlay-color":"","overlay-opacity":"","overlay-gradient":""},"mobile":{"background-color":"var(--ast-global-color-5)","background-image":"","background-repeat":"repeat","background-position":"center center","background-size":"auto","background-attachment":"scroll","background-type":"","background-media":"","overlay-type":"","overlay-color":"","overlay-opacity":"","overlay-gradient":""}},"footnotes":""},"class_list":["post-2840","page","type-page","status-publish","hentry"],"_links":{"self":[{"href":"https:\/\/cns.uw.edu.pl\/index.php\/wp-json\/wp\/v2\/pages\/2840","targetHints":{"allow":["GET"]}}],"collection":[{"href":"https:\/\/cns.uw.edu.pl\/index.php\/wp-json\/wp\/v2\/pages"}],"about":[{"href":"https:\/\/cns.uw.edu.pl\/index.php\/wp-json\/wp\/v2\/types\/page"}],"author":[{"embeddable":true,"href":"https:\/\/cns.uw.edu.pl\/index.php\/wp-json\/wp\/v2\/users\/1"}],"replies":[{"embeddable":true,"href":"https:\/\/cns.uw.edu.pl\/index.php\/wp-json\/wp\/v2\/comments?post=2840"}],"version-history":[{"count":10,"href":"https:\/\/cns.uw.edu.pl\/index.php\/wp-json\/wp\/v2\/pages\/2840\/revisions"}],"predecessor-version":[{"id":2852,"href":"https:\/\/cns.uw.edu.pl\/index.php\/wp-json\/wp\/v2\/pages\/2840\/revisions\/2852"}],"up":[{"embeddable":true,"href":"https:\/\/cns.uw.edu.pl\/index.php\/wp-json\/wp\/v2\/pages\/10"}],"wp:attachment":[{"href":"https:\/\/cns.uw.edu.pl\/index.php\/wp-json\/wp\/v2\/media?parent=2840"}],"curies":[{"name":"wp","href":"https:\/\/api.w.org\/{rel}","templated":true}]}}