{"id":118,"date":"2024-06-27T19:58:44","date_gmt":"2024-06-27T19:58:44","guid":{"rendered":"https:\/\/holmes.cnsuw.pl\/?page_id=118"},"modified":"2025-12-10T10:05:16","modified_gmt":"2025-12-10T10:05:16","slug":"biuro-ekspertyz","status":"publish","type":"page","link":"https:\/\/cns.uw.edu.pl\/index.php\/biuro-ekspertyz\/","title":{"rendered":"Biuro Ekspertyz"},"content":{"rendered":"\t\t<div data-elementor-type=\"wp-page\" data-elementor-id=\"118\" class=\"elementor elementor-118\" data-elementor-post-type=\"page\">\n\t\t\t\t<div class=\"elementor-element elementor-element-6910978 e-flex e-con-boxed e-con e-parent\" data-id=\"6910978\" data-element_type=\"container\">\n\t\t\t\t\t<div class=\"e-con-inner\">\n\t\t\t\t<div class=\"elementor-element elementor-element-c740d4d elementor-widget elementor-widget-text-editor\" data-id=\"c740d4d\" data-element_type=\"widget\" data-widget_type=\"text-editor.default\">\n\t\t\t\t<div class=\"elementor-widget-container\">\n\t\t\t\t\t\t\t\t\t<h1><strong><span style=\"color: #333333;\">Biuro Ekspertyz Centrum Nauk S\u0105dowych<\/span><\/strong><\/h1><p><span style=\"color: #333333;\">Biuro Ekspertyz to wyspecjalizowana i wyodr\u0119bniona finansowo kom\u00f3rka organizacyjna Centrum Nauk S\u0105dowych Uniwersytetu Warszawskiego prowadz\u0105ca dzia\u0142alno\u015b\u0107 w zakresie wykonywania ekspertyz i opiniowania kryminalistycznego. <\/span><\/p><p><span style=\"color: #333333;\">Nasi eksperci dzia\u0142aj\u0105 bezpo\u015brednio w strukturach Uniwersytetu Warszawskiego \u2013 nie s\u0105 zewn\u0119trznymi podmiotami, lecz funkcjonuj\u0105 w ramach renomowanej uczelni publicznej. Jednocze\u015bnie badania prowadzone s\u0105 przez ekspert\u00f3w z rzeczywistym do\u015bwiadczeniem praktycznym, wynikaj\u0105cym z wieloletniej wsp\u00f3\u0142pracy z organami \u015bcigania i opiniowania kryminalistycznego na potrzeby wymiaru sprawiedliwo\u015bci.<\/span><\/p>\t\t\t\t\t\t\t\t<\/div>\n\t\t\t\t<\/div>\n\t\t\t\t\t<\/div>\n\t\t\t\t<\/div>\n\t\t<div class=\"elementor-element elementor-element-8145ba8 e-flex e-con-boxed e-con e-parent\" data-id=\"8145ba8\" data-element_type=\"container\">\n\t\t\t\t\t<div class=\"e-con-inner\">\n\t\t\t\t<div class=\"elementor-element elementor-element-3130e7a elementor-widget elementor-widget-image\" data-id=\"3130e7a\" data-element_type=\"widget\" data-widget_type=\"image.default\">\n\t\t\t\t<div class=\"elementor-widget-container\">\n\t\t\t\t\t\t\t\t\t\t\t\t\t\t\t<img fetchpriority=\"high\" decoding=\"async\" width=\"2560\" height=\"889\" src=\"https:\/\/cns.uw.edu.pl\/wp-content\/uploads\/2024\/10\/Bez-nazwy-44-scaled-1.jpg\" class=\"attachment-full size-full wp-image-1775\" alt=\"\" srcset=\"https:\/\/cns.uw.edu.pl\/wp-content\/uploads\/2024\/10\/Bez-nazwy-44-scaled-1.jpg 2560w, https:\/\/cns.uw.edu.pl\/wp-content\/uploads\/2024\/10\/Bez-nazwy-44-scaled-1-300x104.jpg 300w, https:\/\/cns.uw.edu.pl\/wp-content\/uploads\/2024\/10\/Bez-nazwy-44-scaled-1-1024x356.jpg 1024w, https:\/\/cns.uw.edu.pl\/wp-content\/uploads\/2024\/10\/Bez-nazwy-44-scaled-1-768x267.jpg 768w, https:\/\/cns.uw.edu.pl\/wp-content\/uploads\/2024\/10\/Bez-nazwy-44-scaled-1-1536x533.jpg 1536w, https:\/\/cns.uw.edu.pl\/wp-content\/uploads\/2024\/10\/Bez-nazwy-44-scaled-1-2048x711.jpg 2048w\" sizes=\"(max-width: 2560px) 100vw, 2560px\" \/>\t\t\t\t\t\t\t\t\t\t\t\t\t\t\t<\/div>\n\t\t\t\t<\/div>\n\t\t\t\t\t<\/div>\n\t\t\t\t<\/div>\n\t\t\t\t<\/div>\n\t\t","protected":false},"excerpt":{"rendered":"<p>Biuro Ekspertyz Centrum Nauk S\u0105dowych Biuro Ekspertyz to wyspecjalizowana i wyodr\u0119bniona finansowo kom\u00f3rka organizacyjna Centrum Nauk S\u0105dowych Uniwersytetu Warszawskiego prowadz\u0105ca [&hellip;]<\/p>\n","protected":false},"author":1,"featured_media":0,"parent":0,"menu_order":0,"comment_status":"closed","ping_status":"closed","template":"","meta":{"site-sidebar-layout":"no-sidebar","site-content-layout":"","ast-site-content-layout":"full-width-container","site-content-style":"default","site-sidebar-style":"default","ast-global-header-display":"","ast-banner-title-visibility":"","ast-main-header-display":"","ast-hfb-above-header-display":"","ast-hfb-below-header-display":"","ast-hfb-mobile-header-display":"","site-post-title":"disabled","ast-breadcrumbs-content":"","ast-featured-img":"disabled","footer-sml-layout":"","theme-transparent-header-meta":"","adv-header-id-meta":"","stick-header-meta":"","header-above-stick-meta":"","header-main-stick-meta":"","header-below-stick-meta":"","astra-migrate-meta-layouts":"default","ast-page-background-enabled":"default","ast-page-background-meta":{"desktop":{"background-color":"var(--ast-global-color-4)","background-image":"","background-repeat":"repeat","background-position":"center center","background-size":"auto","background-attachment":"scroll","background-type":"","background-media":"","overlay-type":"","overlay-color":"","overlay-opacity":"","overlay-gradient":""},"tablet":{"background-color":"","background-image":"","background-repeat":"repeat","background-position":"center center","background-size":"auto","background-attachment":"scroll","background-type":"","background-media":"","overlay-type":"","overlay-color":"","overlay-opacity":"","overlay-gradient":""},"mobile":{"background-color":"","background-image":"","background-repeat":"repeat","background-position":"center center","background-size":"auto","background-attachment":"scroll","background-type":"","background-media":"","overlay-type":"","overlay-color":"","overlay-opacity":"","overlay-gradient":""}},"ast-content-background-meta":{"desktop":{"background-color":"var(--ast-global-color-5)","background-image":"","background-repeat":"repeat","background-position":"center center","background-size":"auto","background-attachment":"scroll","background-type":"","background-media":"","overlay-type":"","overlay-color":"","overlay-opacity":"","overlay-gradient":""},"tablet":{"background-color":"var(--ast-global-color-5)","background-image":"","background-repeat":"repeat","background-position":"center center","background-size":"auto","background-attachment":"scroll","background-type":"","background-media":"","overlay-type":"","overlay-color":"","overlay-opacity":"","overlay-gradient":""},"mobile":{"background-color":"var(--ast-global-color-5)","background-image":"","background-repeat":"repeat","background-position":"center center","background-size":"auto","background-attachment":"scroll","background-type":"","background-media":"","overlay-type":"","overlay-color":"","overlay-opacity":"","overlay-gradient":""}},"footnotes":""},"class_list":["post-118","page","type-page","status-publish","hentry"],"_links":{"self":[{"href":"https:\/\/cns.uw.edu.pl\/index.php\/wp-json\/wp\/v2\/pages\/118","targetHints":{"allow":["GET"]}}],"collection":[{"href":"https:\/\/cns.uw.edu.pl\/index.php\/wp-json\/wp\/v2\/pages"}],"about":[{"href":"https:\/\/cns.uw.edu.pl\/index.php\/wp-json\/wp\/v2\/types\/page"}],"author":[{"embeddable":true,"href":"https:\/\/cns.uw.edu.pl\/index.php\/wp-json\/wp\/v2\/users\/1"}],"replies":[{"embeddable":true,"href":"https:\/\/cns.uw.edu.pl\/index.php\/wp-json\/wp\/v2\/comments?post=118"}],"version-history":[{"count":37,"href":"https:\/\/cns.uw.edu.pl\/index.php\/wp-json\/wp\/v2\/pages\/118\/revisions"}],"predecessor-version":[{"id":2921,"href":"https:\/\/cns.uw.edu.pl\/index.php\/wp-json\/wp\/v2\/pages\/118\/revisions\/2921"}],"wp:attachment":[{"href":"https:\/\/cns.uw.edu.pl\/index.php\/wp-json\/wp\/v2\/media?parent=118"}],"curies":[{"name":"wp","href":"https:\/\/api.w.org\/{rel}","templated":true}]}}